7*b**2 + 29*b - 31*b. Let z be q(-10). Let g = z - 13. What is the greatest common factor of 6 and g?
3
Let h(j) = -j**3 + 5*j**2 + 2*j - 3. Let f be h(5). Suppose -2*z - 2*b = -5*z + 44, 0 = 2*b + 2. What is the highest common factor of z and f?
7
Let m = -501 + 509. What is the highest common divisor of m and 32?
8
Let u be (-393)/(-27) - 8/(-18). Suppose -4*r - c = -79, -r + 5*r - 2*c - 82 = 0. What is the greatest common factor of r and u?
5
Suppose -2*v - 214 = -204, 5*v - 335 = -4*k. What is the greatest common factor of k and 375?
15
Let h(x) = 3*x + 31. Let c be h(-9). Suppose c*j + 40 = 8*j. Calculate the highest common factor of j and 30.
10
Let t be (-10)/6*(-12)/(-1 - 1). Let u be 8*((-4)/(-5))/(-2)*t. What is the greatest common divisor of u and 80?
16
Let t(m) = -6*m - 3. Let g be t(-3). Suppose 4*b - l = -39, 2*l - 4*l = -3*b - 28. Let y be b*1/2*(-2 + -19). Calculate the highest common divisor of y and g.
15
Suppose -22*a + 219 + 89 = 0. Let w(b) = 5*b**3 - 4*b**2 + 3*b - 2. Let s be w(2). What is the highest common factor of s and a?
14
Suppose -375 + 39 = -6*o. What is the highest common divisor of o and 14?
14
Let h(b) = -6*b + 10. Let o be h(-3). Suppose 4*j + o = 5*j. What is the greatest common divisor of j and 42?
14
Let h be -15 + (-3)/1 + -2. Let m = h - -32. Let d be 1500/42 + 4/14. What is the highest common divisor of m and d?
12
Suppose -7*m = -148 - 223. What is the highest common divisor of m and 318?
53
Let f be ((-24)/18)/(3*5/(-90)). Calculate the greatest common factor of 26 and f.
2
Suppose 3*m + 2*l - 487 = -167, 4*l + 296 = 3*m. What is the greatest common divisor of 8 and m?
8
Suppose 5*y - 39 = -3*p - 0, p + y = 13. Let g be (-2 + p - -1)*4. What is the highest common factor of g and 16?
16
Let g be 6/(18/213) + 8 + -1. Let c be (-391)/(-2) - (-2)/(-4). Calculate the highest common factor of c and g.
39
Let i be 259204/187 - 10/85. Calculate the greatest common factor of 21 and i.
21
Let b(c) = -c**2 + 5*c + 12. Suppose 3*l - 3 = 2*j - 0, 0 = -j + 4*l - 14. Let i be b(j). What is the greatest common factor of i and 6?
6
Suppose 0 = -49*j + 60*j - 1815. What is the greatest common divisor of 55 and j?
55
Suppose 99*a + 2 = 97*a. Let u be -2 - a - (-1 + 26*-1). Calculate the highest common divisor of 39 and u.
13
Suppose 9*o - 3960 = -999. Calculate the highest common factor of o and 141.
47
Let p(y) = 11*y**2 + y. Let l be (-184)/(-24) - (-4)/(-6). Suppose -l = z - 8. Let s be p(z). What is the highest common divisor of s and 84?
12
Let t = 396 - 366. What is the highest common divisor of t and 84?
6
Suppose 4*h = 11*h + 189. Let y = 36 + h. Let u(k) = -k**2 - 6*k - 5. Let c be u(-4). Calculate the highest common factor of c and y.
3
Let h = 1653 + -792. What is the greatest common factor of h and 105?
21
Suppose -3*k + 4*o - 47 = 0, -2*k - 16 = -3*o + 17. Let b be 1 + 6 + (k - -5). Calculate the greatest common factor of b and 1.
1
Suppose 2*m - 2 + 14 = 2*b, b = -2*m + 21. What is the greatest common factor of b and 11?
11
Let n(u) = u**2 - 10*u + 3. Let k be n(0). Calculate the highest common factor of 12 and k.
3
Suppose -5*h + 37*r - 36*r + 102 = 0, 2*r = -2*h + 36. Suppose -3*f = 6, i + 0*f - f - 12 = 0. What is the greatest common divisor of i and h?
10
Let c(h) = 7*h**2 - 39*h + 40. Let p be c(10). What is the greatest common divisor of 14 and p?
14
Let c(l) = 4*l + 58. Let o be c(-13). Suppose -3 = 2*z - 7. Suppose -5*r = -z*r - 12. Calculate the highest common divisor of o and r.
2
Let y = -616 + 645. Let s = -74 + 190. What is the greatest common divisor of s and y?
29
Suppose 11*r - 15*r - 5*n = -9, -5*n = 2*r + 3. What is the greatest common divisor of 618 and r?
6
Let f be (-23)/(46/(-176)) - 7. What is the greatest common factor of 45 and f?
9
Let s = 599 + -557. What is the greatest common factor of s and 36?
6
Suppose 5*l + 8*w - 9*w - 135 = 0, 0 = -5*w. Let o(x) = -x**3 - 2*x**2 - 3*x - 3. Let s be o(-2). Calculate the highest common factor of s and l.
3
Let y(b) = -b**3 - 4*b**2 - 16*b - 7. Let g be y(-6). What is the highest common divisor of 46 and g?
23
Let o(n) = 8*n**2 + 3*n - 3. Let v be o(-2). Let r = v + 16. Calculate the highest common factor of 13 and r.
13
Let v be (-1)/((-5)/6)*15. Suppose -5*u - 5 = 0, -2*u + 25 + v = j. Suppose j = 5*g + 10. What is the greatest common divisor of g and 49?
7
Let z(r) = 2*r**3 - 77*r**2 + 40*r + 84. Let c be z(38). What is the highest common divisor of 12 and c?
4
Suppose -43 = -4*b - 0*r - 3*r, -3*b + 33 = 3*r. Suppose 5*y - 248 = 2*l, 5*y + 4*l = 136 + 118. Calculate the greatest common divisor of b and y.
10
Let s be 836/5 - ((-93)/(-15) - 7). What is the greatest common divisor of s and 216?
24
Let h = 494 - 329. Suppose 5 = -n + 3*k - 7, 5*n + 12 = 3*k. Suppose n = 5*u - u - 60. Calculate the greatest common divisor of h and u.
15
Suppose -7800 = -32*c - 8*c. Calculate the greatest common divisor of 39 and c.
39
Let q be 2/(-7) + (-8)/(-28). Suppose q = -6*c + c + 140. Calculate the highest common factor of c and 7.
7
Suppose 2*n = -i + 6, 0 = -4*n - 2*i - 3*i + 6. Suppose -n*f - 44 = -4*x, 0*x = -x + 5*f + 31. Let y = 21 + -3. What is the highest common divisor of y and x?
6
Let r be 1/(-3)*-1 + (-55685)/(-129). Suppose -r = -156*d + 153*d. Calculate the greatest common factor of 16 and d.
16
Suppose -723 = -2*n + 4*w + 285, 0 = -w + 4. Calculate the highest common factor of n and 24.
8
Let b(v) = -7*v + 160. Let w be b(-30). Let p = 53 - 16. What is the highest common factor of w and p?
37
Let i(s) = -2*s**2 + 5*s + 18. Let b be i(0). What is the greatest common divisor of 36 and b?
18
Let b be 118/10 - (-8)/40. Let n be (117 - b/(-4)) + 0. Suppose h - 4*h + n = 0. Calculate the greatest common divisor of 16 and h.
8
Let t = 539 + -507. What is the highest common factor of t and 352?
32
Let y = -16 - -10. Let l = y + 10. Let s(v) = 16*v**2 - 7*v - 7. Let b be s(-1). What is the highest common divisor of b and l?
4
Suppose -2*n = 0, -4*p + 3*n = -30 - 2. Calculate the highest common divisor of 36 and p.
4
Suppose 3*t + 0 - 12 = 0. Let f be 4 - (t - (1 + 3)). Calculate the greatest common divisor of f and 16.
4
Suppose 564*y = 546*y + 810. Let z = -1 - -1. Suppose -5*t + 7 = -5*o + 32, -o + 2*t + 5 = z. Calculate the greatest common divisor of y and o.
5
Suppose 0 = 12*x - 10*x + 32. Let a be x/(3/(36/(-8))). What is the greatest common divisor of a and 8?
8
Let x be 1*12*6/4. Let k = 21 + -17. Suppose k*t = -3*t + 63. Calculate the greatest common factor of t and x.
9
Let g(m) = -m**3 - 2*m**2 + 3*m. Let b be g(-3). Suppose b*c = 4*c + 8. Let k be 6/(-4)*c + -2. Calculate the greatest common divisor of 1 and k.
1
Suppose 0 = -22*o + 24*o - 258. Calculate the greatest common divisor of o and 215.
43
Let m = 14 - 18. Let u = 7 + m. Suppose 5*o - 24 = -4, 0 = -2*w + u*o - 2. What is the greatest common divisor of 40 and w?
5
Let c = -70 + -2. Let k be (-520)/c + (-4)/18. Suppose 2*p + 55 = k*p. Calculate the highest common factor of 121 and p.
11
Suppose 1323 = 21*v - 0*v. What is the greatest common factor of v and 162?
9
Suppose -176 = -0*t - 4*t. Let h = -58 - -106. Let r be (h + (-1 - 3))/2. Calculate the highest common factor of r and t.
22
Let d be 54/4*(-40)/(-45)*-24. Let f be (-4)/9 - 7040/d. What is the highest common factor of f and 120?
24
Let v = -614 + 1106. Calculate the greatest common divisor of v and 12.
12
Let j = 88 - 71. Suppose j*f - 12*f = 160. Calculate the highest common factor of f and 16.
16
Let u = -263 + 287. What is the highest common factor of 132 and u?
12
Let t = -197 + 174. Let g(n) = -n**3 + 9*n**2 - 4*n - 3. Let o be g(8). Let u = t + o. Calculate the highest common factor of 54 and u.
6
Let g(k) = 27*k - 45. Let a be g(2). What is the greatest common divisor of 297 and a?
9
Suppose 4*n + u = 2*u + 65, -2*n - 5*u + 27 = 0. Suppose 5*z + v - 40 = 0, -4*v - n = -3*z + 8. What is the greatest common factor of 136 and z?
8
Let r be ((-11)/(77/(-14)))/(2 - 0). Let p = 8 + r. What is the highest common divisor of p and 6?
3
Suppose 2*p + 3*p + 3*n = 379, n = 4*p - 293. Calculate the greatest common divisor of p and 518.
74
Let b = -168 + 332. Calculate the highest common divisor of 123 and b.
41
Suppose